prime?
True
Is 122499997 a composite number?
False
Is 553314313 a prime number?
True
Is 4778009 a prime number?
True
Is 12251797 a prime number?
True
Is 230643923 composite?
False
Is 269473 a prime number?
True
Is 4052173 a prime number?
True
Is 9672067 prime?
True
Is 188748089 composite?
True
Is 718703 composite?
False
Is 26345771 a prime number?
True
Is 19335361 a composite number?
True
Is 10403821 prime?
False
Is 2617441 composite?
True
Is 1127333 a composite number?
False
Is 904469 a composite number?
True
Is 216833 prime?
False
Is 145355543 prime?
True
Is 3742523 a prime number?
True
Is 2277914 prime?
False
Is 18610723 prime?
False
Is 18624049 composite?
True
Is 69385633 prime?
True
Is 29246147 a composite number?
True
Is 28302889 composite?
True
Is 60270337 a composite number?
True
Is 840343 prime?
False
Is 108483569 composite?
True
Is 13890907 composite?
False
Is 63744809 prime?
False
Is 907997 composite?
False
Is 65719391 prime?
True
Is 5729329 prime?
True
Is 28483849 prime?
True
Is 12893971 prime?
True
Is 84788111 a prime number?
True
Is 35385143 prime?
False
Is 256757 prime?
True
Is 6269911 a composite number?
False
Is 595066427 composite?
False
Is 45697117 a composite number?
False
Is 458099 composite?
True
Is 12962003 a prime number?
True
Is 126165821 a composite number?
True
Is 3158639 prime?
False
Is 51808619 prime?
True
Is 139562373 a composite number?
True
Is 25072219 a prime number?
True
Is 15354583 a composite number?
False
Is 4975387 composite?
False
Is 10463819 a composite number?
True
Is 381039679 composite?
True
Is 244483219 a prime number?
True
Is 173661151 composite?
False
Is 465809 a composite number?
False
Is 4262501 prime?
False
Is 255759493 prime?
False
Is 2945545 a prime number?
False
Is 14019539 composite?
True
Is 19580185 a composite number?
True
Is 193009609 prime?
False
Is 177499453 a composite number?
False
Is 161641 composite?
False
Is 3966527 a composite number?
True
Is 8495731 a composite number?
False
Is 6265577 a prime number?
False
Is 19438277 a composite number?
False
Is 62422967 a composite number?
False
Is 476550619 a composite number?
False
Is 23766887 prime?
True
Is 73855543 prime?
False
Is 1896407 a composite number?
False
Is 135487257 composite?
True
Is 5883029 a composite number?
False
Is 6724891 a composite number?
True
Is 394179209 a composite number?
True
Is 446003 a prime number?
True
Is 202107533 composite?
False
Is 8580719 composite?
True
Is 1905419 composite?
True
Is 28434319 composite?
True
Is 682897 prime?
False
Is 51236267 composite?
False
Is 57298441 a composite number?
True
Is 5636837 a composite number?
True
Is 11788159 a prime number?
True
Is 1752763 composite?
True
Is 8499629 a composite number?
False
Is 27675503 a composite number?
True
Is 467729 composite?
False
Is 5161657 a prime number?
False
Is 20691629 a composite number?
True
Is 11646587 prime?
True
Is 542701 prime?
False
Is 6534053 a prime number?
False
Is 1554963491 composite?
False
Is 191414053 composite?
True
Is 2962667 a prime number?
False
Is 218093 composite?
True
Is 116484617 composite?
False
Is 29309767 prime?
True
Is 599563 prime?
False
Is 236987479 a composite number?
True
Is 16952647 composite?
True
Is 132187703 composite?
True
Is 9659119 prime?
False
Is 10167881 prime?
True
Is 2988331 a prime number?
True
Is 7319849 composite?
False
Is 154316717 a composite number?
False
Is 28140617 composite?
True
Is 47989507 a prime number?
True
Is 243044717 composite?
False
Is 5293019 a composite number?
False
Is 5139973 prime?
True
Is 1896627 composite?
True
Is 120669343 a prime number?
True
Is 16850837 prime?
True
Is 14882881 a composite number?
True
Is 7911731 a composite number?
True
Is 20768249 composite?
False
Is 28050277 a prime number?
True
Is 4134335 prime?
False
Is 86692821 a prime number?
False
Is 160123283 composite?
True
Is 11698273 prime?
True
Is 74110571 composite?
True
Is 9210011 prime?
False
Is 143380759 a composite number?
False
Is 72790867 prime?
False
Is 514819 a composite number?
False
Is 14592821 prime?
True
Is 108215363 composite?
True
Is 3809831 a prime number?
True
Is 75821 a composite number?
False
Is 30301757 a composite number?
False
Is 13207463 a prime number?
True
Is 17073803 composite?
False
Is 1230485 composite?
True
Is 7464401 composite?
True
Is 36198823 a composite number?
True
Is 456377 a prime number?
True
Is 6960529 composite?
True
Is 3458297 a composite number?
False
Is 5743754 a prime number?
False
Is 162049 a prime number?
False
Is 101502831 a composite number?
True
Is 99243257 a composite number?
True
Is 63139535 composite?
True
Is 339347 a composite number?
True
Is 333136151 a prime number?
False
Is 41632001 composite?
True
Is 170059609 prime?
True
Is 180277 a prime number?
False
Is 411762853 a prime number?
True
Is 17907193 composite?
False
Is 1195597 a composite number?
True
Is 10207931 a prime number?
False
Is 1360199 composite?
True
Is 437776567 a prime number?
True
Is 8081471 a prime number?
True
Is 351788851 prime?
False
Is 33224287 a prime number?
True
Is 85409209 composite?
True
Is 1030391 prime?
False
Is 19151437 a composite number?
False
Is 19080349 prime?
True
Is 100890761 prime?
True
Is 4716001 prime?
True
Is 1099355 composite?
True
Is 1976699 a prime number?
True
Is 22467593 a composite number?
False
Is 2524259 prime?
True
Is 19884565 a composite number?
True
Is 214704673 composite?
True
Is 3548381 a composite number?
False
Is 125279269 a prime number?
True
Is 78977 a composite number?
False
Is 492227 composite?
False
Is 9494479 prime?
False
Is 3800723 a composite number?
False
Is 1251829 a prime number?
False
Is 346864619 prime?
True
Is 135778967 prime?
True
Is 55741163 prime?
True
Is 102717047 a composite number?
False
Is 1603789 composite?
True
Is 495551 a composite number?
True
Is 499068923 a prime number?
True
Is 42119939 prime?
True
Is 1406753 composite?
True
Is 294433019 a composite number?
True
Is 360264647 a prime number?
True
Is 8134377 a composite number?
True
Is 41275013 a composite number?
True
Is 37548319 prime?
True
Is 3349713 a composite number?
True
Is 7613303 a prime number?
False
Is 7775419 prime?
False
Is 3449233 composite?
False
Is 45978143 prime?
True
Is 7482953 a composite number?
True
Is 554057 a prime number?
False
Is 16805681 prime?
True
Is 2187149 composite?
False
Is 188373343 prime?
False
Is 4160323 prime?
True
Is 574700383 a prime number?
False
Is 7080257 prime?
True
Is 1486661 prime?
False
Is 5644399 composite?
False
Is 35210393 composite?
False
Is 25994503 a composite number?
True
Is 53337745 prime?
False
Is 18169691 prime?
True
Is 36355439 prime?
True
Is 4001689 prime?
True
Is 2637083 a prime number?
True
Is 134120641 a composite number?
False
Is 2990471 prime?
False
Is 2997861 composite?
True
Is 37853591 a prime number?
True
Is 24995759 a prime number?
False
Is 100872017 prime?
True
Is 41719481 composite?
True
Is 240082067 a prime number?
True
Is 202554211 a prime number?
True
Is 31807547 prime?
False
Is 109095139 prime?
True
Is 549658969 a composite number?
False
Is 5456887 composite?
True
Is 499262033 prime?
True
Is 755969 a prime number?
True
Is 18105041 composite?
False
Is 4293451 a prime number?
True
Is 690451 prime?
False
Is 4531049 a prime number?
True
Is 858989 composite?
False
Is 31606049 a prime number?
True
Is 2005489 prime?
True
Is 1310203 a prime number?
False
Is 10388237 a composite number?
True
Is 39850067 composite?
True
Is 571069 a prime number?
True
Is 7988549 prime?
False
Is 5195005 a prime number?
False
Is 135511757 a composite number?
True
Is 19525669 a prime number?
True
Is 15067043 prime?
False
Is 43417207 prime?
False
Is 39301793 a prime number?
False
Is 2159067 a prime number?
False
Is 221853 prime?
False
Is 1078967 a prime number?
True
Is 783813 a prime number?
False
Is 2082019 a prime number?
True
Is 36400049 prime?
False
Is 5897561 a composite number?
False
Is 458467 prime?
False
Is 1904173 a composite number?
True
Is 2734129 a prime number?
True
Is 65198129 a prime number?
True
Is 334468841 prime?
False
Is 11194421 prime?
False
Is 128273531 a prime number?
False
Is 2672239 prime?
False
Is 2701444765 prime?
False
Is 1209159515 a prime number?
False
Is 945431 prime?
True
Is 74321927 a prime number?
True
Is 1